{"id":47,"date":"2026-04-03T14:24:18","date_gmt":"2026-04-03T14:24:18","guid":{"rendered":"https:\/\/terapeutiskeveje.dk\/?page_id=47"},"modified":"2026-04-03T17:39:22","modified_gmt":"2026-04-03T17:39:22","slug":"om-mig","status":"publish","type":"page","link":"https:\/\/terapeutiskeveje.dk\/index.php\/om-mig\/","title":{"rendered":"Om mig"},"content":{"rendered":"\n<p>Jeg er p\u00e5 overbygningen af min psykoterapeutuddannelse og har en faglig baggrund som cand. p\u00e6d. i p\u00e6dagogisk antropologi og l\u00e6rer.<\/p>\n\n\n\n<p>Jeg er ogs\u00e5 uddannet yogal\u00e6rer (200 timer) og supplerer l\u00f8bende med kurser og workshops i kropsterapeutiske teknikker.<\/p>\n\n\n\n<p>Jeg har arbejdet med b\u00f8rn, unge og voksne gennem rigtig mange \u00e5r \u2013 blandt andet som indskolingsleder, underviser og i dag som p\u00e6dagogisk vejleder i P\u00e6dagogisk Psykologisk R\u00e5dgivning i Ballerup, hvor jeg samarbejder t\u00e6t med b\u00e5de fagprofessionelle og b\u00f8rn, unge og for\u00e6ldre.<\/p>\n\n\n\n<p>Gennem flere \u00e5r bosat i udlandet har jeg oplevet forskellige kulturer og sociale sammenh\u00e6nge, hvilket har styrket min forst\u00e5else for, hvordan mennesker formes af deres milj\u00f8 og relationer.<\/p>\n\n\n\n<p>I terapien er jeg optaget af sammenh\u00e6ngen mellem krop, f\u00f8lelser, tanker og livssituation, og min erfaring er, at \u00f8get opm\u00e6rksomhed og kontakt med det, der sker i os \u2013 b\u00e5de mentalt, f\u00f8lelsesm\u00e6ssigt og kropsligt \u2013 kan skabe st\u00f8rre klarhed, st\u00f8tte heling og integration af oplevelser og \u00e5bne op for nye perspektiver i livet.<\/p>\n","protected":false},"excerpt":{"rendered":"<p>Jeg er p\u00e5 overbygningen af min psykoterapeutuddannelse og har en faglig baggrund som cand. p\u00e6d. i p\u00e6dagogisk antropologi og l\u00e6rer. Jeg er ogs\u00e5 uddannet yogal\u00e6rer (200 timer) og supplerer l\u00f8bende med kurser og workshops i kropsterapeutiske teknikker. Jeg har arbejdet med b\u00f8rn, unge og voksne gennem rigtig mange \u00e5r \u2013 blandt andet som indskolingsleder, underviser [&hellip;]<\/p>\n","protected":false},"author":1,"featured_media":80,"parent":0,"menu_order":0,"comment_status":"closed","ping_status":"closed","template":"","meta":{"footnotes":""},"class_list":["post-47","page","type-page","status-publish","has-post-thumbnail","hentry"],"_links":{"self":[{"href":"https:\/\/terapeutiskeveje.dk\/index.php\/wp-json\/wp\/v2\/pages\/47","targetHints":{"allow":["GET"]}}],"collection":[{"href":"https:\/\/terapeutiskeveje.dk\/index.php\/wp-json\/wp\/v2\/pages"}],"about":[{"href":"https:\/\/terapeutiskeveje.dk\/index.php\/wp-json\/wp\/v2\/types\/page"}],"author":[{"embeddable":true,"href":"https:\/\/terapeutiskeveje.dk\/index.php\/wp-json\/wp\/v2\/users\/1"}],"replies":[{"embeddable":true,"href":"https:\/\/terapeutiskeveje.dk\/index.php\/wp-json\/wp\/v2\/comments?post=47"}],"version-history":[{"count":5,"href":"https:\/\/terapeutiskeveje.dk\/index.php\/wp-json\/wp\/v2\/pages\/47\/revisions"}],"predecessor-version":[{"id":91,"href":"https:\/\/terapeutiskeveje.dk\/index.php\/wp-json\/wp\/v2\/pages\/47\/revisions\/91"}],"wp:featuredmedia":[{"embeddable":true,"href":"https:\/\/terapeutiskeveje.dk\/index.php\/wp-json\/wp\/v2\/media\/80"}],"wp:attachment":[{"href":"https:\/\/terapeutiskeveje.dk\/index.php\/wp-json\/wp\/v2\/media?parent=47"}],"curies":[{"name":"wp","href":"https:\/\/api.w.org\/{rel}","templated":true}]}}